ulate the remainder when 945 is divided by 37.
20
Calculate the remainder when 325 is divided by 78.
13
Calculate the remainder when 119 is divided by 10.
9
Calculate the remainder when 1713 is divided by 840.
33
Calculate the remainder when 82 is divided by 33.
16
Calculate the remainder when 1006 is divided by 63.
61
What is the remainder when 295 is divided by 112?
71
Calculate the remainder when 267 is divided by 25.
17
What is the remainder when 46 is divided by 3?
1
Calculate the remainder when 1227 is divided by 209.
182
Calculate the remainder when 597 is divided by 253.
91
What is the remainder when 1094 is divided by 363?
5
Calculate the remainder when 292 is divided by 37.
33
Calculate the remainder when 236 is divided by 73.
17
Calculate the remainder when 13 is divided by 8.
5
What is the remainder when 1057 is divided by 38?
31
What is the remainder when 91 is divided by 16?
11
Calculate the remainder when 504 is divided by 73.
66
What is the remainder when 1063 is divided by 19?
18
Calculate the remainder when 313 is divided by 228.
85
Calculate the remainder when 4123 is divided by 1029.
7
Calculate the remainder when 734 is divided by 147.
146
Calculate the remainder when 704 is divided by 12.
8
What is the remainder when 426 is divided by 54?
48
Calculate the remainder when 402 is divided by 13.
12
What is the remainder when 1882 is divided by 626?
4
Calculate the remainder when 21083 is divided by 28.
27
What is the remainder when 411 is divided by 22?
15
Calculate the remainder when 563 is divided by 211.
141
Calculate the remainder when 781 is divided by 65.
1
Calculate the remainder when 14 is divided by 5.
4
Calculate the remainder when 11585 is divided by 3861.
2
Calculate the remainder when 21453 is divided by 72.
69
What is the remainder when 50 is divided by 9?
5
What is the remainder when 88 is divided by 41?
6
What is the remainder when 92 is divided by 51?
41
Calculate the remainder when 251 is divided by 121.
9
Calculate the remainder when 1571 is divided by 9.
5
What is the remainder when 1003 is divided by 203?
191
What is the remainder when 360 is divided by 189?
171
What is the remainder when 2266 is divided by 250?
16
What is the remainder when 878 is divided by 68?
62
What is the remainder when 190 is divided by 40?
30
What is the remainder when 623 is divided by 308?
7
What is the remainder when 502 is divided by 84?
82
Calculate the remainder when 10 is divided by 4.
2
Calculate the remainder when 8234 is divided by 284.
282
Calculate the remainder when 4229 is divided by 27.
17
Calculate the remainder when 114 is divided by 39.
36
Calculate the remainder when 218 is divided by 21.
8
Calculate the remainder when 3898 is divided by 47.
44
What is the remainder when 3607 is divided by 1796?
15
What is the remainder when 200 is divided by 68?
64
Calculate the remainder when 27 is divided by 9.
0
What is the remainder when 2204 is divided by 23?
19
Calculate the remainder when 1042 is divided by 12.
10
What is the remainder when 45 is divided by 26?
19
Calculate the remainder when 3178 is divided by 212.
210
Calculate the remainder when 17 is divided by 7.
3
What is the remainder when 64 is divided by 38?
26
What is the remainder when 5727 is divided by 61?
54
Calculate the remainder when 5223 is divided by 39.
36
What is the remainder when 223 is divided by 32?
31
Calculate the remainder when 149 is divided by 29.
4
What is the remainder when 162 is divided by 136?
26
Calculate the remainder when 935 is divided by 26.
25
Calculate the remainder when 314 is divided by 9.
8
What is the remainder when 1510 is divided by 28?
26
What is the remainder when 173 is divided by 59?
55
What is the remainder when 358 is divided by 24?
22
Calculate the remainder when 171 is divided by 156.
15
What is the remainder when 141 is divided by 73?
68
What is the remainder when 221 is divided by 70?
11
What is the remainder when 434 is divided by 64?
50
What is the remainder when 86 is divided by 34?
18
Calculate the remainder when 258 is divided by 26.
24
What is the remainder when 153 is divided by 18?
9
What is the remainder when 1229 is divided by 16?
13
What is the remainder when 141 is divided by 18?
15
Calculate the remainder when 365 is divided by 41.
37
What is the remainder when 105 is divided by 18?
15
What is the remainder when 133 is divided by 67?
66
Calculate the remainder when 1043 is divided by 72.
35
What is the remainder when 5422 is divided by 102?
16
Calculate the remainder when 464 is divided by 34.
22
What is the remainder when 445 is divided by 32?
29
Calculate the remainder when 793 is divided by 6.
1
Calculate the remainder when 189 is divided by 52.
33
What is the remainder when 135 is divided by 16?
7
What is the remainder when 386 is divided by 31?
14
What is the remainder when 2435 is divided by 116?
115
What is the remainder when 3245 is divided by 116?
113
What is the remainder when 157 is divided by 16?
13
Calculate the remainder when 972 is divided by 236.
28
Calculate the remainder when 611 is divided by 41.
37
Calculate the remainder when 4054 is divided by 99.
94
What is the remainder when 155 is divided by 38?
3
What is the remainder when 68 is divided by 35?
33
What is the remainder when 1232 is divided by 65?
62
What is the remainder when 2186 is divided by 27?
26
Calculate the remainder when 20473 is divided by 91.
89
Calculate the remainder when 41 is divided by 7.
6
What is the remainder when 237 is divided by 80?
77
Calculate the remainder when 2572 is divided by 83.
82
Calculate the remainder when 179 is divided by 20.
19
Calculate the remainder when 88 is divided by 10.
8
What is the remainder when 146 is divided by 50?
46
Calculate the remainder when 339 is divided by 82.
11
Calculate the remainder when 95 is divided by 3.
2
Calculate the remainder when 1773 is divided by 74.
71
Calculate the remainder when 125 is divided by 3.
2
Calculate the remainder when 1498 is divided by 497.
7
Calculate the remainder when 253 is divided by 20.
13
What is the remainder when 6250 is divided by 6?
4
Calculate the remainder when 911 is divided by 38.
37
What is the remainder when 2946 is divided by 134?
132
What is the remainder when 78 is divided by 8?
6
Calculate the remainder when 2104 is divided by 176.
168
What is the remainder when 377 is divided by 246?
131
Calculate the remainder when 293 is divided by 23.
17
Calculate the remainder when 18 is divided by 6.
0
What is the remainder when 1627 is divided by 7?
3
What is the remainder when 104 is divided by 22?
16
Calculate the remainder when 18165 is divided by 9.
3
Calculate the remainder when 563 is divided by 97.
78
What is the remainder when 1416 is divided by 158?
152
Calculate the remainder when 152 is divided by 12.
8
What is the remainder when 24 is divided by 14?
10
Calculate the remainder when 1016 is divided by 101.
6
Calculate the remainder when 693 is divided by 45.
18
Calculate the remainder when 275 is divided by 70.
65
Calculate the remainder when 440 is divided by 34.
32
What is the remainder when 289 is divided by 24?
1
What is the remainder when 11829 is divided by 169?
168
What is the remainder when 357 is divided by 19?
15
Calculate the remainder when 286 is divided by 72.
70
Calculate the remainder when 770 is divided by 71.
60
Calculate the remainder when 331 is divided by 35.
16
What is the remainder when 196 is divided by 40?
36
Calculate the remainder when 54 is divided by 34.
20
What is the remainder when 86 is divided by 49?
37
Calculate the remainder when 1973 is divided by 76.
73
Calculate the remainder when 59 is divided by 15.
14
What is the remainder when 1621 is divided by 115?
11
Calculate the remainder when 264 is divided by 57.
36
What is the remainder when 5166 is divided by 1720?
6
What is the remainder when 445 is divided by 2?
1
What is the remainder when 139 is divided by 20?
19
Calculate the remainder when 2206 is divided by 15.
1
What is the remainder when 1769 is divided by 589?
2
Calculate the remainder when 195 is divided by 107.
88
What is the remainder when 771 is divided by 57?
30
Calculate the remainder when 217 is divided by 75.
67
Calculate the remainder when 7 is divided by 3.
1
What